 - 8*p - 12. Let s be 25/3 + (70/(-15))/(-7). What is r(s)?
-3
Let w(x) = 1. Let i(z) = -z + 5. Let d(l) = i(l) - 4*w(l). What is d(3)?
-2
Let l(r) = -5 + 1 + 7 - r. What is l(0)?
3
Let q(j) = 3*j**3 - j**2. Let f(n) = -n + 6. Let w be f(7). Give q(w).
-4
Let f(c) = -3*c + 20. Let q be f(9). Let g(z) = 2*z - 3. Give g(q).
-17
Let k(d) = 26*d**3 + d**2 + 2*d + 1. Let z(l) = l**3 - 5*l**2 - 10*l + 23. Let c be z(6). Determine k(c).
-26
Let k(d) = d**2 + 5*d - 2. Let b(y) = y + 7. Let o be b(-11). Determine k(o).
-6
Let h(b) = -10*b**2 - 11*b**2 + 6*b**3 + 21*b**2 + b. Determine h(1).
7
Let y = 1 - -12. Let j(x) = 15*x**2 - 7*x + 1. Let q(h) = 7*h**2 - 3*h. Let s(o) = y*q(o) - 6*j(o). What is s(-5)?
4
Let f = 3 + -4. Suppose 0 = 4*s - 5*g + 6, 3 = 3*g - 3. Let i(x) = -x**3 + x. Let a(c) = -10*c**3 + c**2 + 6*c. Let u(o) = s*a(o) - 6*i(o). Give u(f).
5
Let y(z) = z**2 + 5. Suppose 3*c + c + 20 = 0. Let s(u) = -3*u**2 - 10. Let k(d) = c*y(d) - 2*s(d). What is k(0)?
-5
Let c be -4*2/(-8) + 1. Let j(f) = 0 - f**3 - 9*f**2 + 4 - 4*f**2 + 15*f**c. Determine j(3).
-5
Let r(v) = -v**3 + 3*v**2 - 2*v + 3. Let q(y) = -y**2 + 5*y + 16. Let g be q(-2). Calculate r(g).
3
Suppose 16 = 4*j - 0*j. Let o(n) = -j + 2*n - 8 + 4. Give o(6).
4
Let t(n) = -n + 1. Let a(o) = o**3 + 4*o**2 + 1. Let z be a(-4). Let s(m) = 15*m - 5. Let d(p) = z*s(p) + 4*t(p). Give d(1).
10
Let j = 2 + -5. Let t be j*(-5)/((-45)/(-6)). Let z be -3 + -3 + t + 1. Let c(h) = h**3 + 2*h**2 - h + 4. Calculate c(z).
-2
Let l = 52 + -54. Let h(y) = 15*y + 6. Let n(g) = -7*g - 3. Let i(p) = -4*h(p) - 9*n(p). Calculate i(l).
-3
Let x(k) = -2*k**2 + 9*k + 3. Let d be x(5). Let s(o) = 3*o**3 + 2*o**2 - o + 2. What is s(d)?
-12
Let z be (-6)/5 - 2/20*-2. Let b(h) = 2*h**3 - 2*h**2 + 1. Determine b(z).
-3
Let x(t) = t + 1. Let g(h) = h - 4. Let f be g(5). Suppose f = 3*q + 4*v + 2, -4*q - 2*v = 18. Give x(q).
-6
Let m(f) = f + 11. Let g = -60 - -60. Calculate m(g).
11
Suppose 4*d = -d. Let a(r) = -1 + 0 + 2. Let c(m) = m**2 - m - 3. Let f(j) = -6*a(j) - c(j). What is f(d)?
-3
Suppose -3 = -q - 2. Let y be 4*2/4*q. Let c(s) = -3*s**y + 6*s + 4*s**2 - 4 - 2*s**2 - s. Determine c(3).
2
Let b(x) be the third derivative of x**4/24 - x**3/6 - 2*x**2 - 9*x. Determine b(-8).
-9
Let d(x) = 3*x - x**2 + 6 + 3*x**2 - 3*x**2 + 2*x. Let q be d(5). Let v(z) = -z**2 + 3*z + 3. Calculate v(q).
-15
Suppose g - 16 = -3*g. Suppose -3*x + 4 = -2*x. Suppose g*r = -o + 3, 2*r - x + 1 = -o. Let p(u) = u**2 - u + 3. Determine p(r).
3
Suppose 3*j + 4 = -11. Let x(n) = -n**3 - 6*n**2 - 5*n - 6. Determine x(j).
-6
Let s = -7 - -11. Suppose -3*c - s = -c. Let z(i) = -1 + 7 + 4*i - 5. Give z(c).
-7
Let m be (2 + 0 + -2)*1. Let z be 6/15 + (-36)/(-10). Let g(s) = -3 + z*s - 2 - 3*s. Give g(m).
-5
Let v(s) = s**2 - 24*s + 28. Let u be v(23). Let m(p) = -p**3 + 6*p**2 + p - 4. Give m(u).
26
Suppose 4*d = 5*j + 8, 5*j + 32 = -d - 3*d. Let c be (d/3 + 1)*-1. Let h(f) = -f + 7. Calculate h(c).
7
Let m = 9 - 7. Let h(n) = n**3 + n - 1. Give h(m).
9
Let z(d) be the first derivative of d**2/2 + 10*d - 25. Calculate z(-8).
2
Let c = 127 - 125. Let r(p) = -p**3 + 2*p**2 + p + 1. Calculate r(c).
3
Let d(c) be the third derivative of c**6/120 - c**5/20 - c**3/3 + c**2. Let u be (-40)/6 + 8/12. Let k(w) = w**2 + 7*w + 8. Let o be k(u). Determine d(o).
-6
Let g be (-2)/4*(0 + 0). Suppose g = -8*n + 3*n + 3*q - 5, -3*n + 3*q - 9 = 0. Let v(h) = -n*h**3 + 2*h**2 + 1 - h**2 + h**3. Determine v(2).
-3
Let u(m) = 480 - 480 - 2*m. Suppose 2*q - 3*q = -4*i + 17, 2*i + 4*q = 22. Let n = i + -9. Give u(n).
8
Let u(z) = -z**3 + 7*z**2 - 9*z + 7. Let j = -1 + 7. What is u(j)?
-11
Let u(a) = 3*a - 15. Let r(k) = -2*k + 8. Let n be 11/3 - (-4)/(-6). Let p(d) = n*u(d) + 5*r(d). Give p(-4).
-1
Suppose 0 = -2*q - 10, -4*v + 3*q = 2*q - 25. Suppose 0*r + 8 = 5*r - 4*w, -2*w + 26 = v*r. Let n(l) = -3 - 2*l + r - 5*l + 6*l. What is n(-1)?
2
Let o(g) = -3*g**3 + 3*g - 5. Let q(y) = y**3 - y**2 - y. Let k(a) = o(a) + 4*q(a). Determine k(5).
15
Let v(n) = -2*n + 4. Let t = 12 - 7. Calculate v(t).
-6
Let f be (-3)/2 + 9/2. Let c(x) = -1 + 0*x**2 - 2*x**3 + 5*x - 3*x**2 - 2*x + 4*x**f. Give c(2).
9
Suppose -16 = w + 4*h, -4*w + 20 = -h - 4*h. Let n(c) = -2*c - 6. Calculate n(w).
-6
Let l(h) = 14*h - 26*h + 8 + 10*h. Determine l(8).
-8
Let b be 1/((4/40)/1). Suppose 5*r = b + 10. Let k(v) = -v**3 + 3*v**2 + 5*v + 1. What is k(r)?
5
Suppose -8*z = -4*z - 16. Let w(p) = -p**3 - p - 1 - 5*p**2 - z*p - 5. Determine w(-4).
-2
Let n be (18 + -3)/(6/4). Let d be (n/(-4))/(3/(-6)). Let t(i) = 3*i + 13. Let w(x) = x + 1. Let r(h) = t(h) - 4*w(h). What is r(d)?
4
Let k(g) = 4*g**3 - 2*g**2 + 6*g. Let b(v) = 3*v**3 - 3*v**2 + 5*v + 1. Let u(y) = 5*b(y) - 4*k(y). Suppose 0 = 5*n - 18 + 53. Calculate u(n).
-2
Let o(x) = -8 - 7*x + 4*x + 7. Give o(-2).
5
Let t(b) = 4 + 2*b + 0 + 1 - 4 + 2*b**2. Give t(-3).
13
Let j = -22 + 24. Let h(r) be the first derivative of -r**4/4 - r**3/3 + r**2/2 + 2*r + 1. What is h(j)?
-8
Let k = -36 - -30. Let i(n) = -2*n - 8. Give i(k).
4
Let m(x) = x**3 - 9*x**2 + 11*x + 11. Let k be m(7). Let v(a) = a + 14. Give v(k).
4
Let z(p) be the second derivative of p**6/360 + p**5/120 - p**4/12 - p**3/2 + 4*p. Let x(d) be the second derivative of z(d). Give x(-3).
4
Let r(t) = -t**2 - 7*t - 5. Let i be r(-5). Let b be (2 - -1) + (-13 - -12). Let f(y) = 13 - 17 - i*y - 2*y**b + 3*y**2 + 4*y. What is f(4)?
8
Let d = 4 - 15. Let p be (-2)/(-6) + d/(-3). Let t(y) = -y**2 + 2*y + 5. What is t(p)?
-3
Let v(t) be the second derivative of t**4/12 - 7*t**3/6 - 7*t**2/2 - 23*t. Calculate v(7).
-7
Let j(o) be the second derivative of o**3/3 - o**2 - 15*o. Calculate j(5).
8
Suppose 0 = -2*f - 4 - 14. Let n be 18/f - (-3)/(-1). Let a = -10 - n. Let d(s) = -s**3 - 5*s**2 + 2*s + 3. Give d(a).
-7
Let t(g) be the first derivative of g + 2 + 1/2*g**2. Give t(-1).
0
Let j be 12/5*20/(-3). Let s = j - -19. Let y(w) = 2*w**3 - 4 - w**3 - 4*w**2 + 2*w + 3*w. Calculate y(s).
2
Let m = 4 + 1. Let p = m + -8. Let a(o) be the third derivative of o**5/60 + o**4/6 + o**3/2 - o**2. Determine a(p).
0
Let c(j) = 0*j + 0*j - 3 + 3*j + 1. Give c(5).
13
Let d(b) be the second derivative of -b**3/2 + b**2 + b. Suppose 3 = -5*q + 13. Determine d(q).
-4
Let j(q) = -q. Let v be j(-5). Let a(f) = f**3 - 5*f**2 - 2*f + 1. Determine a(v).
-9
Let q(p) = p - p**2 - 5*p + 5*p. Calculate q(-2).
-6
Let t(w) = 4*w - 1. Let r(k) = -7*k - 4. Let a(o) = 7*o + 3. Let m(x) = 6*a(x) + 5*r(x). Let d(q) = -2*m(q) + 5*t(q). Suppose -5*y + 4 = -y. Determine d(y).
5
Let u(y) = -11*y**2 + 2*y - 1. Let b be 3/6 + (-6)/(-4). Suppose 3*r - 5*r = -b. What is u(r)?
-10
Let l(t) = 2*t - 6. Let h(k) = 5*k - 13. Let p(u) = -3*h(u) + 7*l(u). What is p(3)?
-6
Let t(q) be the third derivative of -q**5/60 + q**4/6 + 2*q**3/3 - q**2. Let g be 0/((-1*2)/(-1)). Let r = 5 + g. Determine t(r).
-1
Let h(w) = w**3 - w**2 - 9. Suppose 2*k - 10 = -k + 5*z, 4*z = k - 8. Suppose k*d - 5*d = 0. What is h(d)?
-9
Let l(j) = -j**2 - 3*j + 5. Let x = 9 - 6. Suppose 2*k + 25 = -x*k. What is l(k)?
-5
Let y(q) be the third derivative of -2*q**5/15 + q**3/6 + 7*q**2. What is y(-1)?
-7
Let f(o) = 2*o**3 - 2*o**2 + 3*o - 2. Let h be f(2). Let u = 9 - h. Let w(n) = -3*n - 4. What is w(u)?
5
Suppose -5*v + 0*v - 2*m + 8 = 0, v + 5*m = -3. Let o(r) = 45 - 4*r + 4*r + r**v - 36. Give o(0).
9
Let k(l) = -231*l - 3 - 3 + 4 + 230*l. Give k(-7).
5
Let o = 4 + -2. Let g be 32/14 - o/7. Let v(x) be the first derivative of -x**4/4 + 2*x**3/3 - x + 22. Give v(g).
-1
Let b(j) be the first derivative of -j**3/3 - j + 42. What is b(-1)?
-2
Let k(p) = 15*p + 2. Suppose c + 0*c + 4 = 0. Let o(t) = -8*t - 1. Let i(g) = c*k(g) - 7*o(g). Let q be i(1). Let h(f) = -f**2 - 5*f - 3. What is h(q)?
-3
Let h(y) = y**2 - 4*y - 3. Let o be 0 + 1 + 16/4. Give h(o).
2
Let b(w) = -w. Let q(z) = 5*z - 2. Let c(t) = 4*b(t) + q(t). Let f = 1 - -2. Calculate c(f).
1
Let u(t) = -t**2 + 8*t. Let z(i) = i**3 - 8*i**2 - 8*i - 3. Let c be z(9). Calculate u(c).
12
Let w = 48 + -42. Let h(i) = i**3 - 7*i**2 + 6*i - 6. Calculate h(w).
-6
Let s = 3 - -1. Let p(h) = s*h + 1 + 0*h - 3*h + 1. Calculate p(-6).
-4
Let p(k) = 2*k + 7. Let u(g) = g + 1. Let c(v) = p(v) - 3*u(v). Give c(6).
-2
Let